5
What is the remainder when 4081 is divided by 816?
1
Calculate the remainder when 14352 is divided by 29.
26
Calculate the remainder when 31097 is divided by 25.
22
Calculate the remainder when 64 is divided by 29.
6
Calculate the remainder when 277 is divided by 184.
93
Calculate the remainder when 1329 is divided by 10.
9
Calculate the remainder when 2416 is divided by 402.
4
What is the remainder when 186 is divided by 179?
7
Calculate the remainder when 235 is divided by 113.
9
Calculate the remainder when 6956 is divided by 145.
141
Calculate the remainder when 703 is divided by 342.
19
Calculate the remainder when 292 is divided by 10.
2
What is the remainder when 264 is divided by 27?
21
What is the remainder when 105 is divided by 23?
13
Calculate the remainder when 272 is divided by 140.
132
What is the remainder when 2110 is divided by 8?
6
Calculate the remainder when 30 is divided by 7.
2
Calculate the remainder when 1966 is divided by 59.
19
What is the remainder when 125 is divided by 26?
21
What is the remainder when 736 is divided by 11?
10
Calculate the remainder when 1017 is divided by 64.
57
What is the remainder when 1086 is divided by 466?
154
What is the remainder when 63 is divided by 43?
20
What is the remainder when 1276 is divided by 385?
121
What is the remainder when 254 is divided by 16?
14
Calculate the remainder when 138 is divided by 118.
20
What is the remainder when 216 is divided by 78?
60
Calculate the remainder when 7242 is divided by 16.
10
What is the remainder when 331 is divided by 67?
63
What is the remainder when 10971 is divided by 25?
21
Calculate the remainder when 1446 is divided by 5.
1
What is the remainder when 2058 is divided by 29?
28
Calculate the remainder when 121 is divided by 22.
11
What is the remainder when 108 is divided by 9?
0
Calculate the remainder when 434 is divided by 119.
77
What is the remainder when 567 is divided by 69?
15
Calculate the remainder when 31211 is divided by 108.
107
What is the remainder when 1130 is divided by 39?
38
What is the remainder when 23 is divided by 17?
6
Calculate the remainder when 282 is divided by 48.
42
What is the remainder when 531 is divided by 27?
18
What is the remainder when 257 is divided by 83?
8
What is the remainder when 2356 is divided by 9?
7
Calculate the remainder when 4526 is divided by 3.
2
Calculate the remainder when 669 is divided by 84.
81
Calculate the remainder when 195 is divided by 37.
10
Calculate the remainder when 452 is divided by 209.
34
What is the remainder when 305 is divided by 44?
41
Calculate the remainder when 415 is divided by 168.
79
What is the remainder when 1418 is divided by 354?
2
Calculate the remainder when 112 is divided by 24.
16
Calculate the remainder when 137 is divided by 30.
17
Calculate the remainder when 1761 is divided by 41.
39
What is the remainder when 98 is divided by 27?
17
Calculate the remainder when 857 is divided by 32.
25
Calculate the remainder when 67 is divided by 18.
13
Calculate the remainder when 536 is divided by 257.
22
What is the remainder when 2559 is divided by 64?
63
What is the remainder when 22 is divided by 8?
6
What is the remainder when 248 is divided by 46?
18
What is the remainder when 510 is divided by 87?
75
Calculate the remainder when 351 is divided by 88.
87
What is the remainder when 2139 is divided by 1063?
13
What is the remainder when 284 is divided by 32?
28
What is the remainder when 2787 is divided by 929?
0
What is the remainder when 2515 is divided by 141?
118
What is the remainder when 1089 is divided by 219?
213
Calculate the remainder when 249 is divided by 5.
4
What is the remainder when 210 is divided by 71?
68
Calculate the remainder when 79 is divided by 12.
7
What is the remainder when 29 is divided by 26?
3
Calculate the remainder when 220 is divided by 44.
0
What is the remainder when 2367 is divided by 23?
21
What is the remainder when 366 is divided by 24?
6
What is the remainder when 4912 is divided by 39?
37
What is the remainder when 111 is divided by 111?
0
Calculate the remainder when 1417 is divided by 23.
14
Calculate the remainder when 74446 is divided by 396.
394
Calculate the remainder when 316 is divided by 29.
26
What is the remainder when 4498 is divided by 45?
43
What is the remainder when 183 is divided by 51?
30
Calculate the remainder when 288 is divided by 27.
18
What is the remainder when 95 is divided by 41?
13
What is the remainder when 161 is divided by 41?
38
Calculate the remainder when 129 is divided by 60.
9
Calculate the remainder when 6366 is divided by 245.
241
Calculate the remainder when 1505 is divided by 133.
42
What is the remainder when 549 is divided by 155?
84
Calculate the remainder when 83 is divided by 7.
6
Calculate the remainder when 64 is divided by 36.
28
What is the remainder when 315 is divided by 40?
35
Calculate the remainder when 206 is divided by 8.
6
Calculate the remainder when 5199 is divided by 130.
129
Calculate the remainder when 1813 is divided by 33.
31
Calculate the remainder when 1447 is divided by 33.
28
Calculate the remainder when 309 is divided by 204.
105
What is the remainder when 18 is divided by 7?
4
Calculate the remainder when 504 is divided by 18.
0
What is the remainder when 208 is divided by 160?
48
Calculate the remainder when 15154 is divided by 36.
34
Calculate the remainder when 160 is divided by 41.
37
Calculate the remainder when 585 is divided by 42.
39
Calculate the remainder when 43 is divided by 32.
11
What is the remainder when 146 is divided by 114?
32
Calculate the remainder when 9593 is divided by 13.
12
Calculate the remainder when 1003 is divided by 173.
138
Calculate the remainder when 970 is divided by 192.
10
What is the remainder when 268 is divided by 27?
25
What is the remainder when 83 is divided by 21?
20
Calculate the remainder when 26 is divided by 7.
5
Calculate the remainder when 219 is divided by 77.
65
Calculate the remainder when 7017 is divided by 27.
24
What is the remainder when 150 is divided by 79?
71
What is the remainder when 113 is divided by 45?
23
What is the remainder when 207 is divided by 42?
39
What is the remainder when 54 is divided by 10?
4
What is the remainder when 20941 is divided by 14?
11
Calculate the remainder when 17596 is divided by 352.
348
What is the remainder when 1556 is divided by 38?
36
What is the remainder when 105 is divided by 25?
5
Calculate the remainder when 10275 is divided by 149.
143
Calculate the remainder when 1198 is divided by 60.
58
What is the remainder when 513 is divided by 62?
17
What is the remainder when 7144 is divided by 65?
59
Calculate the remainder when 59 is divided by 43.
16
What is the remainder when 1329 is divided by 103?
93
Calculate the remainder when 144 is divided by 15.
9
What is the remainder when 244 is divided by 13?
10
Calculate the remainder when 767 is divided by 86.
79
What is the remainder when 15 is divided by 4?
3
What is the remainder when 83 is divided by 8?
3
Calculate the remainder when 109 is divided by 59.
50
What is the remainder when 561 is divided by 19?
10
Calculate the remainder when 227 is divided by 69.
20
What is the remainder when 1315 is divided by 263?
0
Calculate the remainder when 262 is divided by 14.
10
Calculate the remainder when 4040 is divided by 155.
10
What is the remainder when 168 is divided by 142?
26
Calculate the remainder when 227 is divided by 18.
11
Calculate the remainder when 557 is divided by 8.
5
What is the remainder when 591 is divided by 115?
16
What is the remainder when 1208 is divided by 116?
48
Calculate the remainder when 670 is divided by 172.
154
Calculate the remainder when 17615 is divided by 223.
221
Calculate the remainder when 29 is divided by 17.
12
What is the remainder when 649 is divided by 50?
49
Calculate the remainder when 232 is divided by 64.
40
What is the remainder when 62 is divided by 40?
22
Calculate the remainder when 53 is divided by 15.
8
What is the remainder when 336 is divided by 66?
6
What is the remainder when 303 is divided by 36?
15
What is the remainder when 221 is divided by 16?
13
Calculate the remainder when 1355 is divided by 128.
75
What is the remainder when 297 is